{"id":29520,"date":"2026-03-29T21:37:04","date_gmt":"2026-03-29T20:37:04","guid":{"rendered":"https:\/\/roomiodz.com\/?post_type=product&#038;p=29520"},"modified":"2026-03-29T21:49:12","modified_gmt":"2026-03-29T20:49:12","slug":"meuble-a-chaussures-2-portes-scandinave-beige-blanc-2","status":"publish","type":"product","link":"https:\/\/roomiodz.com\/index.php\/produit\/meuble-a-chaussures-2-portes-scandinave-beige-blanc-2\/","title":{"rendered":"Meuble \u00e0 Chaussures 2 Portes Scandinave Beige &#038; Blanc 4T"},"content":{"rendered":"<h3 data-start=\"415\" data-end=\"439\">Caract\u00e9ristiques :<\/h3>\n<ul>\n<li data-start=\"159\" data-end=\"238\">\n<p data-start=\"161\" data-end=\"238\"><strong data-start=\"161\" data-end=\"175\">Dimensions<\/strong> : Largeur <strong>70 cm<\/strong>, Profondeur <strong data-start=\"208\" data-end=\"217\">33 cm<\/strong>, Hauteur <strong data-start=\"227\" data-end=\"236\">130 cm<\/strong><\/p>\n<\/li>\n<li data-start=\"239\" data-end=\"273\">\n<p data-start=\"241\" data-end=\"273\"><strong data-start=\"241\" data-end=\"250\">Style<\/strong> : Scandinave moderne<\/p>\n<\/li>\n<li data-start=\"274\" data-end=\"305\">\n<p data-start=\"276\" data-end=\"305\"><strong data-start=\"276\" data-end=\"287\">Couleur<\/strong> : Beige &amp; Blanc<\/p>\n<\/li>\n<li data-start=\"306\" data-end=\"346\">\n<p data-start=\"308\" data-end=\"346\"><strong data-start=\"308\" data-end=\"317\">Pieds<\/strong> : Bois de h\u00eatre scandinave<\/p>\n<\/li>\n<li data-start=\"347\" data-end=\"381\">\n<p data-start=\"349\" data-end=\"381\"><strong data-start=\"349\" data-end=\"361\">Poign\u00e9es<\/strong> : Corde naturelle<\/p>\n<\/li>\n<li data-start=\"382\" data-end=\"463\">\n<p data-start=\"384\" data-end=\"463\"><strong data-start=\"384\" data-end=\"396\">Capacit\u00e9<\/strong> : Rangement pratique pour vos chaussures avec 2 portes \u00e9l\u00e9gantes et 4 \u00e9tag\u00e8res<\/p>\n<\/li>\n<\/ul>\n","protected":false},"excerpt":{"rendered":"<p>Meuble \u00e0 chaussures 2 portes au style scandinave, finition beige et blanc avec poign\u00e9es en corde et pieds en bois de h\u00eatre. Compact et \u00e9l\u00e9gant, il optimise votre entr\u00e9e avec une touche nordique moderne.<\/p>\n","protected":false},"featured_media":29521,"template":"","meta":[],"product_brand":[],"product_cat":[75],"product_tag":[],"class_list":{"0":"post-29520","1":"product","2":"type-product","3":"status-publish","4":"has-post-thumbnail","6":"product_cat-meuble-a-chaussures","8":"first","9":"instock","10":"shipping-taxable","11":"purchasable","12":"product-type-simple"},"yoast_head":"<!-- This site is optimized with the Yoast SEO plugin v27.2 - https:\/\/yoast.com\/product\/yoast-seo-wordpress\/ -->\n<title>Meuble \u00e0 Chaussures 2 Portes Scandinave Beige &amp; Blanc 4T &#8211; roomio<\/title>\n<meta name=\"robots\" content=\"index, follow, max-snippet:-1, max-image-preview:large, max-video-preview:-1\" \/>\n<link rel=\"canonical\" href=\"https:\/\/roomiodz.com\/index.php\/produit\/meuble-a-chaussures-2-portes-scandinave-beige-blanc-2\/\" \/>\n<meta property=\"og:locale\" content=\"fr_FR\" \/>\n<meta property=\"og:type\" content=\"article\" \/>\n<meta property=\"og:title\" content=\"Meuble \u00e0 Chaussures 2 Portes Scandinave Beige &amp; Blanc 4T &#8211; roomio\" \/>\n<meta property=\"og:description\" content=\"Meuble \u00e0 chaussures 2 portes au style scandinave, finition beige et blanc avec poign\u00e9es en corde et pieds en bois de h\u00eatre. Compact et \u00e9l\u00e9gant, il optimise votre entr\u00e9e avec une touche nordique moderne.\" \/>\n<meta property=\"og:url\" content=\"https:\/\/roomiodz.com\/index.php\/produit\/meuble-a-chaussures-2-portes-scandinave-beige-blanc-2\/\" \/>\n<meta property=\"og:site_name\" content=\"roomio\" \/>\n<meta property=\"article:publisher\" content=\"https:\/\/web.facebook.com\/profile.php?id=61579361657009\" \/>\n<meta property=\"article:modified_time\" content=\"2026-03-29T20:49:12+00:00\" \/>\n<meta property=\"og:image\" content=\"https:\/\/roomiodz.com\/wp-content\/uploads\/2026\/03\/Gemini_Generated_Image_prpzleprpzleprpz-1.png\" \/>\n\t<meta property=\"og:image:width\" content=\"896\" \/>\n\t<meta property=\"og:image:height\" content=\"1195\" \/>\n\t<meta property=\"og:image:type\" content=\"image\/png\" \/>\n<meta name=\"twitter:card\" content=\"summary_large_image\" \/>\n<meta name=\"twitter:label1\" content=\"Dur\u00e9e de lecture estim\u00e9e\" \/>\n\t<meta name=\"twitter:data1\" content=\"1 minute\" \/>\n<script type=\"application\/ld+json\" class=\"yoast-schema-graph\">{\"@context\":\"https:\/\/schema.org\",\"@graph\":[{\"@type\":\"WebPage\",\"@id\":\"https:\/\/roomiodz.com\/index.php\/produit\/meuble-a-chaussures-2-portes-scandinave-beige-blanc-2\/\",\"url\":\"https:\/\/roomiodz.com\/index.php\/produit\/meuble-a-chaussures-2-portes-scandinave-beige-blanc-2\/\",\"name\":\"Meuble \u00e0 Chaussures 2 Portes Scandinave Beige & Blanc 4T &#8211; roomio\",\"isPartOf\":{\"@id\":\"https:\/\/roomiodz.com\/#website\"},\"primaryImageOfPage\":{\"@id\":\"https:\/\/roomiodz.com\/index.php\/produit\/meuble-a-chaussures-2-portes-scandinave-beige-blanc-2\/#primaryimage\"},\"image\":{\"@id\":\"https:\/\/roomiodz.com\/index.php\/produit\/meuble-a-chaussures-2-portes-scandinave-beige-blanc-2\/#primaryimage\"},\"thumbnailUrl\":\"https:\/\/roomiodz.com\/wp-content\/uploads\/2026\/03\/Gemini_Generated_Image_prpzleprpzleprpz-1.png\",\"datePublished\":\"2026-03-29T20:37:04+00:00\",\"dateModified\":\"2026-03-29T20:49:12+00:00\",\"breadcrumb\":{\"@id\":\"https:\/\/roomiodz.com\/index.php\/produit\/meuble-a-chaussures-2-portes-scandinave-beige-blanc-2\/#breadcrumb\"},\"inLanguage\":\"fr-FR\",\"potentialAction\":[{\"@type\":\"ReadAction\",\"target\":[\"https:\/\/roomiodz.com\/index.php\/produit\/meuble-a-chaussures-2-portes-scandinave-beige-blanc-2\/\"]}]},{\"@type\":\"ImageObject\",\"inLanguage\":\"fr-FR\",\"@id\":\"https:\/\/roomiodz.com\/index.php\/produit\/meuble-a-chaussures-2-portes-scandinave-beige-blanc-2\/#primaryimage\",\"url\":\"https:\/\/roomiodz.com\/wp-content\/uploads\/2026\/03\/Gemini_Generated_Image_prpzleprpzleprpz-1.png\",\"contentUrl\":\"https:\/\/roomiodz.com\/wp-content\/uploads\/2026\/03\/Gemini_Generated_Image_prpzleprpzleprpz-1.png\",\"width\":896,\"height\":1195},{\"@type\":\"BreadcrumbList\",\"@id\":\"https:\/\/roomiodz.com\/index.php\/produit\/meuble-a-chaussures-2-portes-scandinave-beige-blanc-2\/#breadcrumb\",\"itemListElement\":[{\"@type\":\"ListItem\",\"position\":1,\"name\":\"Accueil\",\"item\":\"https:\/\/roomiodz.com\/\"},{\"@type\":\"ListItem\",\"position\":2,\"name\":\"Shop\",\"item\":\"https:\/\/roomiodz.com\/index.php\/shop\/\"},{\"@type\":\"ListItem\",\"position\":3,\"name\":\"Meuble \u00e0 Chaussures 2 Portes Scandinave Beige &#038; Blanc 4T\"}]},{\"@type\":\"WebSite\",\"@id\":\"https:\/\/roomiodz.com\/#website\",\"url\":\"https:\/\/roomiodz.com\/\",\"name\":\"Roomio\",\"description\":\"Boutique de produits meuble\",\"publisher\":{\"@id\":\"https:\/\/roomiodz.com\/#organization\"},\"potentialAction\":[{\"@type\":\"SearchAction\",\"target\":{\"@type\":\"EntryPoint\",\"urlTemplate\":\"https:\/\/roomiodz.com\/?s={search_term_string}\"},\"query-input\":{\"@type\":\"PropertyValueSpecification\",\"valueRequired\":true,\"valueName\":\"search_term_string\"}}],\"inLanguage\":\"fr-FR\"},{\"@type\":\"Organization\",\"@id\":\"https:\/\/roomiodz.com\/#organization\",\"name\":\"Roomio\",\"url\":\"https:\/\/roomiodz.com\/\",\"logo\":{\"@type\":\"ImageObject\",\"inLanguage\":\"fr-FR\",\"@id\":\"https:\/\/roomiodz.com\/#\/schema\/logo\/image\/\",\"url\":\"https:\/\/roomiodz.com\/wp-content\/uploads\/2025\/08\/cropped-81bc493f-1539-40d3-ab47-a7b9d2257ff0-2.png\",\"contentUrl\":\"https:\/\/roomiodz.com\/wp-content\/uploads\/2025\/08\/cropped-81bc493f-1539-40d3-ab47-a7b9d2257ff0-2.png\",\"width\":512,\"height\":512,\"caption\":\"Roomio\"},\"image\":{\"@id\":\"https:\/\/roomiodz.com\/#\/schema\/logo\/image\/\"},\"sameAs\":[\"https:\/\/web.facebook.com\/profile.php?id=61579361657009\"]}]}<\/script>\n<!-- \/ Yoast SEO plugin. -->","yoast_head_json":{"title":"Meuble \u00e0 Chaussures 2 Portes Scandinave Beige & Blanc 4T &#8211; roomio","robots":{"index":"index","follow":"follow","max-snippet":"max-snippet:-1","max-image-preview":"max-image-preview:large","max-video-preview":"max-video-preview:-1"},"canonical":"https:\/\/roomiodz.com\/index.php\/produit\/meuble-a-chaussures-2-portes-scandinave-beige-blanc-2\/","og_locale":"fr_FR","og_type":"article","og_title":"Meuble \u00e0 Chaussures 2 Portes Scandinave Beige & Blanc 4T &#8211; roomio","og_description":"Meuble \u00e0 chaussures 2 portes au style scandinave, finition beige et blanc avec poign\u00e9es en corde et pieds en bois de h\u00eatre. Compact et \u00e9l\u00e9gant, il optimise votre entr\u00e9e avec une touche nordique moderne.","og_url":"https:\/\/roomiodz.com\/index.php\/produit\/meuble-a-chaussures-2-portes-scandinave-beige-blanc-2\/","og_site_name":"roomio","article_publisher":"https:\/\/web.facebook.com\/profile.php?id=61579361657009","article_modified_time":"2026-03-29T20:49:12+00:00","og_image":[{"width":896,"height":1195,"url":"https:\/\/roomiodz.com\/wp-content\/uploads\/2026\/03\/Gemini_Generated_Image_prpzleprpzleprpz-1.png","type":"image\/png"}],"twitter_card":"summary_large_image","twitter_misc":{"Dur\u00e9e de lecture estim\u00e9e":"1 minute"},"schema":{"@context":"https:\/\/schema.org","@graph":[{"@type":"WebPage","@id":"https:\/\/roomiodz.com\/index.php\/produit\/meuble-a-chaussures-2-portes-scandinave-beige-blanc-2\/","url":"https:\/\/roomiodz.com\/index.php\/produit\/meuble-a-chaussures-2-portes-scandinave-beige-blanc-2\/","name":"Meuble \u00e0 Chaussures 2 Portes Scandinave Beige & Blanc 4T &#8211; roomio","isPartOf":{"@id":"https:\/\/roomiodz.com\/#website"},"primaryImageOfPage":{"@id":"https:\/\/roomiodz.com\/index.php\/produit\/meuble-a-chaussures-2-portes-scandinave-beige-blanc-2\/#primaryimage"},"image":{"@id":"https:\/\/roomiodz.com\/index.php\/produit\/meuble-a-chaussures-2-portes-scandinave-beige-blanc-2\/#primaryimage"},"thumbnailUrl":"https:\/\/roomiodz.com\/wp-content\/uploads\/2026\/03\/Gemini_Generated_Image_prpzleprpzleprpz-1.png","datePublished":"2026-03-29T20:37:04+00:00","dateModified":"2026-03-29T20:49:12+00:00","breadcrumb":{"@id":"https:\/\/roomiodz.com\/index.php\/produit\/meuble-a-chaussures-2-portes-scandinave-beige-blanc-2\/#breadcrumb"},"inLanguage":"fr-FR","potentialAction":[{"@type":"ReadAction","target":["https:\/\/roomiodz.com\/index.php\/produit\/meuble-a-chaussures-2-portes-scandinave-beige-blanc-2\/"]}]},{"@type":"ImageObject","inLanguage":"fr-FR","@id":"https:\/\/roomiodz.com\/index.php\/produit\/meuble-a-chaussures-2-portes-scandinave-beige-blanc-2\/#primaryimage","url":"https:\/\/roomiodz.com\/wp-content\/uploads\/2026\/03\/Gemini_Generated_Image_prpzleprpzleprpz-1.png","contentUrl":"https:\/\/roomiodz.com\/wp-content\/uploads\/2026\/03\/Gemini_Generated_Image_prpzleprpzleprpz-1.png","width":896,"height":1195},{"@type":"BreadcrumbList","@id":"https:\/\/roomiodz.com\/index.php\/produit\/meuble-a-chaussures-2-portes-scandinave-beige-blanc-2\/#breadcrumb","itemListElement":[{"@type":"ListItem","position":1,"name":"Accueil","item":"https:\/\/roomiodz.com\/"},{"@type":"ListItem","position":2,"name":"Shop","item":"https:\/\/roomiodz.com\/index.php\/shop\/"},{"@type":"ListItem","position":3,"name":"Meuble \u00e0 Chaussures 2 Portes Scandinave Beige &#038; Blanc 4T"}]},{"@type":"WebSite","@id":"https:\/\/roomiodz.com\/#website","url":"https:\/\/roomiodz.com\/","name":"Roomio","description":"Boutique de produits meuble","publisher":{"@id":"https:\/\/roomiodz.com\/#organization"},"potentialAction":[{"@type":"SearchAction","target":{"@type":"EntryPoint","urlTemplate":"https:\/\/roomiodz.com\/?s={search_term_string}"},"query-input":{"@type":"PropertyValueSpecification","valueRequired":true,"valueName":"search_term_string"}}],"inLanguage":"fr-FR"},{"@type":"Organization","@id":"https:\/\/roomiodz.com\/#organization","name":"Roomio","url":"https:\/\/roomiodz.com\/","logo":{"@type":"ImageObject","inLanguage":"fr-FR","@id":"https:\/\/roomiodz.com\/#\/schema\/logo\/image\/","url":"https:\/\/roomiodz.com\/wp-content\/uploads\/2025\/08\/cropped-81bc493f-1539-40d3-ab47-a7b9d2257ff0-2.png","contentUrl":"https:\/\/roomiodz.com\/wp-content\/uploads\/2025\/08\/cropped-81bc493f-1539-40d3-ab47-a7b9d2257ff0-2.png","width":512,"height":512,"caption":"Roomio"},"image":{"@id":"https:\/\/roomiodz.com\/#\/schema\/logo\/image\/"},"sameAs":["https:\/\/web.facebook.com\/profile.php?id=61579361657009"]}]}},"_links":{"self":[{"href":"https:\/\/roomiodz.com\/index.php\/wp-json\/wp\/v2\/product\/29520","targetHints":{"allow":["GET"]}}],"collection":[{"href":"https:\/\/roomiodz.com\/index.php\/wp-json\/wp\/v2\/product"}],"about":[{"href":"https:\/\/roomiodz.com\/index.php\/wp-json\/wp\/v2\/types\/product"}],"version-history":[{"count":2,"href":"https:\/\/roomiodz.com\/index.php\/wp-json\/wp\/v2\/product\/29520\/revisions"}],"predecessor-version":[{"id":29523,"href":"https:\/\/roomiodz.com\/index.php\/wp-json\/wp\/v2\/product\/29520\/revisions\/29523"}],"wp:featuredmedia":[{"embeddable":true,"href":"https:\/\/roomiodz.com\/index.php\/wp-json\/wp\/v2\/media\/29521"}],"wp:attachment":[{"href":"https:\/\/roomiodz.com\/index.php\/wp-json\/wp\/v2\/media?parent=29520"}],"wp:term":[{"taxonomy":"product_brand","embeddable":true,"href":"https:\/\/roomiodz.com\/index.php\/wp-json\/wp\/v2\/product_brand?post=29520"},{"taxonomy":"product_cat","embeddable":true,"href":"https:\/\/roomiodz.com\/index.php\/wp-json\/wp\/v2\/product_cat?post=29520"},{"taxonomy":"product_tag","embeddable":true,"href":"https:\/\/roomiodz.com\/index.php\/wp-json\/wp\/v2\/product_tag?post=29520"}],"curies":[{"name":"wp","href":"https:\/\/api.w.org\/{rel}","templated":true}]}}