{"id":29253,"date":"2026-01-29T10:33:45","date_gmt":"2026-01-29T09:33:45","guid":{"rendered":"https:\/\/roomiodz.com\/?post_type=product&#038;p=29253"},"modified":"2026-01-29T10:36:00","modified_gmt":"2026-01-29T09:36:00","slug":"table-de-nuit-2-tiroirs-style-scandinave-beige-gris","status":"publish","type":"product","link":"https:\/\/roomiodz.com\/index.php\/produit\/table-de-nuit-2-tiroirs-style-scandinave-beige-gris\/","title":{"rendered":"Table de Nuit 2 Tiroirs \u2013 Style Scandinave Beige &#038; Gris"},"content":{"rendered":"<h3 data-start=\"415\" data-end=\"439\">Caract\u00e9ristiques :<\/h3>\n<ul>\n<li data-start=\"237\" data-end=\"271\">\n<p data-start=\"239\" data-end=\"271\"><strong data-start=\"239\" data-end=\"248\">Style<\/strong> : Scandinave moderne<\/p>\n<\/li>\n<li data-start=\"272\" data-end=\"303\">\n<p data-start=\"274\" data-end=\"303\"><strong data-start=\"274\" data-end=\"285\">Couleur<\/strong> : Beige &amp; Gris<\/p>\n<\/li>\n<li data-start=\"304\" data-end=\"344\">\n<p data-start=\"306\" data-end=\"344\"><strong data-start=\"306\" data-end=\"315\">Pieds<\/strong> : Bois de h\u00eatre scandinave<\/p>\n<\/li>\n<li data-start=\"345\" data-end=\"385\">\n<p data-start=\"347\" data-end=\"385\"><strong data-start=\"347\" data-end=\"359\">Poign\u00e9es<\/strong> : Bois\u00a0H\u00eatre<\/p>\n<\/li>\n<li data-start=\"386\" data-end=\"460\">\n<p data-start=\"388\" data-end=\"460\"><strong data-start=\"388\" data-end=\"403\">Am\u00e9nagement<\/strong> : 2 tiroirs pratiques pour ranger vos affaires de nuit<\/p>\n<\/li>\n<li><strong data-start=\"159\" data-end=\"173\">Dimensions<\/strong> : Largeur 40<strong data-start=\"184\" data-end=\"193\">\u00a0cm<\/strong>, Profondeur 37<strong data-start=\"206\" data-end=\"215\">\u00a0cm<\/strong>, Hauteur 50<strong data-start=\"225\" data-end=\"234\">\u00a0cm<\/strong><\/li>\n<\/ul>\n","protected":false},"excerpt":{"rendered":"<p>Table de nuit scandinave 2 tiroirs, finition beige et Gris, id\u00e9ale pour une chambre moderne. Avec ses poign\u00e9es et pieds en bois de h\u00eatre, elle allie \u00e9l\u00e9gance et praticit\u00e9 pour un rangement raffin\u00e9.<\/p>\n","protected":false},"featured_media":29254,"template":"","meta":[],"product_brand":[],"product_cat":[76],"product_tag":[],"class_list":{"0":"post-29253","1":"product","2":"type-product","3":"status-publish","4":"has-post-thumbnail","6":"product_cat-table-de-nuit","8":"first","9":"instock","10":"shipping-taxable","11":"purchasable","12":"product-type-simple"},"yoast_head":"<!-- This site is optimized with the Yoast SEO plugin v27.2 - https:\/\/yoast.com\/product\/yoast-seo-wordpress\/ -->\n<title>Table de Nuit 2 Tiroirs \u2013 Style Scandinave Beige &amp; Gris &#8211; roomio<\/title>\n<meta name=\"robots\" content=\"index, follow, max-snippet:-1, max-image-preview:large, max-video-preview:-1\" \/>\n<link rel=\"canonical\" href=\"https:\/\/roomiodz.com\/index.php\/produit\/table-de-nuit-2-tiroirs-style-scandinave-beige-gris\/\" \/>\n<meta property=\"og:locale\" content=\"fr_FR\" \/>\n<meta property=\"og:type\" content=\"article\" \/>\n<meta property=\"og:title\" content=\"Table de Nuit 2 Tiroirs \u2013 Style Scandinave Beige &amp; Gris &#8211; roomio\" \/>\n<meta property=\"og:description\" content=\"Table de nuit scandinave 2 tiroirs, finition beige et Gris, id\u00e9ale pour une chambre moderne. Avec ses poign\u00e9es et pieds en bois de h\u00eatre, elle allie \u00e9l\u00e9gance et praticit\u00e9 pour un rangement raffin\u00e9.\" \/>\n<meta property=\"og:url\" content=\"https:\/\/roomiodz.com\/index.php\/produit\/table-de-nuit-2-tiroirs-style-scandinave-beige-gris\/\" \/>\n<meta property=\"og:site_name\" content=\"roomio\" \/>\n<meta property=\"article:publisher\" content=\"https:\/\/web.facebook.com\/profile.php?id=61579361657009\" \/>\n<meta property=\"article:modified_time\" content=\"2026-01-29T09:36:00+00:00\" \/>\n<meta property=\"og:image\" content=\"https:\/\/roomiodz.com\/wp-content\/uploads\/2026\/01\/Gemini_Generated_Image_7ba0937ba0937ba0.png\" \/>\n\t<meta property=\"og:image:width\" content=\"768\" \/>\n\t<meta property=\"og:image:height\" content=\"1344\" \/>\n\t<meta property=\"og:image:type\" content=\"image\/png\" \/>\n<meta name=\"twitter:card\" content=\"summary_large_image\" \/>\n<meta name=\"twitter:label1\" content=\"Dur\u00e9e de lecture estim\u00e9e\" \/>\n\t<meta name=\"twitter:data1\" content=\"1 minute\" \/>\n<script type=\"application\/ld+json\" class=\"yoast-schema-graph\">{\"@context\":\"https:\/\/schema.org\",\"@graph\":[{\"@type\":\"WebPage\",\"@id\":\"https:\/\/roomiodz.com\/index.php\/produit\/table-de-nuit-2-tiroirs-style-scandinave-beige-gris\/\",\"url\":\"https:\/\/roomiodz.com\/index.php\/produit\/table-de-nuit-2-tiroirs-style-scandinave-beige-gris\/\",\"name\":\"Table de Nuit 2 Tiroirs \u2013 Style Scandinave Beige & Gris &#8211; roomio\",\"isPartOf\":{\"@id\":\"https:\/\/roomiodz.com\/#website\"},\"primaryImageOfPage\":{\"@id\":\"https:\/\/roomiodz.com\/index.php\/produit\/table-de-nuit-2-tiroirs-style-scandinave-beige-gris\/#primaryimage\"},\"image\":{\"@id\":\"https:\/\/roomiodz.com\/index.php\/produit\/table-de-nuit-2-tiroirs-style-scandinave-beige-gris\/#primaryimage\"},\"thumbnailUrl\":\"https:\/\/roomiodz.com\/wp-content\/uploads\/2026\/01\/Gemini_Generated_Image_7ba0937ba0937ba0.png\",\"datePublished\":\"2026-01-29T09:33:45+00:00\",\"dateModified\":\"2026-01-29T09:36:00+00:00\",\"breadcrumb\":{\"@id\":\"https:\/\/roomiodz.com\/index.php\/produit\/table-de-nuit-2-tiroirs-style-scandinave-beige-gris\/#breadcrumb\"},\"inLanguage\":\"fr-FR\",\"potentialAction\":[{\"@type\":\"ReadAction\",\"target\":[\"https:\/\/roomiodz.com\/index.php\/produit\/table-de-nuit-2-tiroirs-style-scandinave-beige-gris\/\"]}]},{\"@type\":\"ImageObject\",\"inLanguage\":\"fr-FR\",\"@id\":\"https:\/\/roomiodz.com\/index.php\/produit\/table-de-nuit-2-tiroirs-style-scandinave-beige-gris\/#primaryimage\",\"url\":\"https:\/\/roomiodz.com\/wp-content\/uploads\/2026\/01\/Gemini_Generated_Image_7ba0937ba0937ba0.png\",\"contentUrl\":\"https:\/\/roomiodz.com\/wp-content\/uploads\/2026\/01\/Gemini_Generated_Image_7ba0937ba0937ba0.png\",\"width\":768,\"height\":1344},{\"@type\":\"BreadcrumbList\",\"@id\":\"https:\/\/roomiodz.com\/index.php\/produit\/table-de-nuit-2-tiroirs-style-scandinave-beige-gris\/#breadcrumb\",\"itemListElement\":[{\"@type\":\"ListItem\",\"position\":1,\"name\":\"Accueil\",\"item\":\"https:\/\/roomiodz.com\/\"},{\"@type\":\"ListItem\",\"position\":2,\"name\":\"Shop\",\"item\":\"https:\/\/roomiodz.com\/index.php\/shop\/\"},{\"@type\":\"ListItem\",\"position\":3,\"name\":\"Table de Nuit 2 Tiroirs \u2013 Style Scandinave Beige &#038; Gris\"}]},{\"@type\":\"WebSite\",\"@id\":\"https:\/\/roomiodz.com\/#website\",\"url\":\"https:\/\/roomiodz.com\/\",\"name\":\"Roomio\",\"description\":\"Boutique de produits meuble\",\"publisher\":{\"@id\":\"https:\/\/roomiodz.com\/#organization\"},\"potentialAction\":[{\"@type\":\"SearchAction\",\"target\":{\"@type\":\"EntryPoint\",\"urlTemplate\":\"https:\/\/roomiodz.com\/?s={search_term_string}\"},\"query-input\":{\"@type\":\"PropertyValueSpecification\",\"valueRequired\":true,\"valueName\":\"search_term_string\"}}],\"inLanguage\":\"fr-FR\"},{\"@type\":\"Organization\",\"@id\":\"https:\/\/roomiodz.com\/#organization\",\"name\":\"Roomio\",\"url\":\"https:\/\/roomiodz.com\/\",\"logo\":{\"@type\":\"ImageObject\",\"inLanguage\":\"fr-FR\",\"@id\":\"https:\/\/roomiodz.com\/#\/schema\/logo\/image\/\",\"url\":\"https:\/\/roomiodz.com\/wp-content\/uploads\/2025\/08\/cropped-81bc493f-1539-40d3-ab47-a7b9d2257ff0-2.png\",\"contentUrl\":\"https:\/\/roomiodz.com\/wp-content\/uploads\/2025\/08\/cropped-81bc493f-1539-40d3-ab47-a7b9d2257ff0-2.png\",\"width\":512,\"height\":512,\"caption\":\"Roomio\"},\"image\":{\"@id\":\"https:\/\/roomiodz.com\/#\/schema\/logo\/image\/\"},\"sameAs\":[\"https:\/\/web.facebook.com\/profile.php?id=61579361657009\"]}]}<\/script>\n<!-- \/ Yoast SEO plugin. -->","yoast_head_json":{"title":"Table de Nuit 2 Tiroirs \u2013 Style Scandinave Beige & Gris &#8211; roomio","robots":{"index":"index","follow":"follow","max-snippet":"max-snippet:-1","max-image-preview":"max-image-preview:large","max-video-preview":"max-video-preview:-1"},"canonical":"https:\/\/roomiodz.com\/index.php\/produit\/table-de-nuit-2-tiroirs-style-scandinave-beige-gris\/","og_locale":"fr_FR","og_type":"article","og_title":"Table de Nuit 2 Tiroirs \u2013 Style Scandinave Beige & Gris &#8211; roomio","og_description":"Table de nuit scandinave 2 tiroirs, finition beige et Gris, id\u00e9ale pour une chambre moderne. Avec ses poign\u00e9es et pieds en bois de h\u00eatre, elle allie \u00e9l\u00e9gance et praticit\u00e9 pour un rangement raffin\u00e9.","og_url":"https:\/\/roomiodz.com\/index.php\/produit\/table-de-nuit-2-tiroirs-style-scandinave-beige-gris\/","og_site_name":"roomio","article_publisher":"https:\/\/web.facebook.com\/profile.php?id=61579361657009","article_modified_time":"2026-01-29T09:36:00+00:00","og_image":[{"width":768,"height":1344,"url":"https:\/\/roomiodz.com\/wp-content\/uploads\/2026\/01\/Gemini_Generated_Image_7ba0937ba0937ba0.png","type":"image\/png"}],"twitter_card":"summary_large_image","twitter_misc":{"Dur\u00e9e de lecture estim\u00e9e":"1 minute"},"schema":{"@context":"https:\/\/schema.org","@graph":[{"@type":"WebPage","@id":"https:\/\/roomiodz.com\/index.php\/produit\/table-de-nuit-2-tiroirs-style-scandinave-beige-gris\/","url":"https:\/\/roomiodz.com\/index.php\/produit\/table-de-nuit-2-tiroirs-style-scandinave-beige-gris\/","name":"Table de Nuit 2 Tiroirs \u2013 Style Scandinave Beige & Gris &#8211; roomio","isPartOf":{"@id":"https:\/\/roomiodz.com\/#website"},"primaryImageOfPage":{"@id":"https:\/\/roomiodz.com\/index.php\/produit\/table-de-nuit-2-tiroirs-style-scandinave-beige-gris\/#primaryimage"},"image":{"@id":"https:\/\/roomiodz.com\/index.php\/produit\/table-de-nuit-2-tiroirs-style-scandinave-beige-gris\/#primaryimage"},"thumbnailUrl":"https:\/\/roomiodz.com\/wp-content\/uploads\/2026\/01\/Gemini_Generated_Image_7ba0937ba0937ba0.png","datePublished":"2026-01-29T09:33:45+00:00","dateModified":"2026-01-29T09:36:00+00:00","breadcrumb":{"@id":"https:\/\/roomiodz.com\/index.php\/produit\/table-de-nuit-2-tiroirs-style-scandinave-beige-gris\/#breadcrumb"},"inLanguage":"fr-FR","potentialAction":[{"@type":"ReadAction","target":["https:\/\/roomiodz.com\/index.php\/produit\/table-de-nuit-2-tiroirs-style-scandinave-beige-gris\/"]}]},{"@type":"ImageObject","inLanguage":"fr-FR","@id":"https:\/\/roomiodz.com\/index.php\/produit\/table-de-nuit-2-tiroirs-style-scandinave-beige-gris\/#primaryimage","url":"https:\/\/roomiodz.com\/wp-content\/uploads\/2026\/01\/Gemini_Generated_Image_7ba0937ba0937ba0.png","contentUrl":"https:\/\/roomiodz.com\/wp-content\/uploads\/2026\/01\/Gemini_Generated_Image_7ba0937ba0937ba0.png","width":768,"height":1344},{"@type":"BreadcrumbList","@id":"https:\/\/roomiodz.com\/index.php\/produit\/table-de-nuit-2-tiroirs-style-scandinave-beige-gris\/#breadcrumb","itemListElement":[{"@type":"ListItem","position":1,"name":"Accueil","item":"https:\/\/roomiodz.com\/"},{"@type":"ListItem","position":2,"name":"Shop","item":"https:\/\/roomiodz.com\/index.php\/shop\/"},{"@type":"ListItem","position":3,"name":"Table de Nuit 2 Tiroirs \u2013 Style Scandinave Beige &#038; Gris"}]},{"@type":"WebSite","@id":"https:\/\/roomiodz.com\/#website","url":"https:\/\/roomiodz.com\/","name":"Roomio","description":"Boutique de produits meuble","publisher":{"@id":"https:\/\/roomiodz.com\/#organization"},"potentialAction":[{"@type":"SearchAction","target":{"@type":"EntryPoint","urlTemplate":"https:\/\/roomiodz.com\/?s={search_term_string}"},"query-input":{"@type":"PropertyValueSpecification","valueRequired":true,"valueName":"search_term_string"}}],"inLanguage":"fr-FR"},{"@type":"Organization","@id":"https:\/\/roomiodz.com\/#organization","name":"Roomio","url":"https:\/\/roomiodz.com\/","logo":{"@type":"ImageObject","inLanguage":"fr-FR","@id":"https:\/\/roomiodz.com\/#\/schema\/logo\/image\/","url":"https:\/\/roomiodz.com\/wp-content\/uploads\/2025\/08\/cropped-81bc493f-1539-40d3-ab47-a7b9d2257ff0-2.png","contentUrl":"https:\/\/roomiodz.com\/wp-content\/uploads\/2025\/08\/cropped-81bc493f-1539-40d3-ab47-a7b9d2257ff0-2.png","width":512,"height":512,"caption":"Roomio"},"image":{"@id":"https:\/\/roomiodz.com\/#\/schema\/logo\/image\/"},"sameAs":["https:\/\/web.facebook.com\/profile.php?id=61579361657009"]}]}},"_links":{"self":[{"href":"https:\/\/roomiodz.com\/index.php\/wp-json\/wp\/v2\/product\/29253","targetHints":{"allow":["GET"]}}],"collection":[{"href":"https:\/\/roomiodz.com\/index.php\/wp-json\/wp\/v2\/product"}],"about":[{"href":"https:\/\/roomiodz.com\/index.php\/wp-json\/wp\/v2\/types\/product"}],"version-history":[{"count":1,"href":"https:\/\/roomiodz.com\/index.php\/wp-json\/wp\/v2\/product\/29253\/revisions"}],"predecessor-version":[{"id":29255,"href":"https:\/\/roomiodz.com\/index.php\/wp-json\/wp\/v2\/product\/29253\/revisions\/29255"}],"wp:featuredmedia":[{"embeddable":true,"href":"https:\/\/roomiodz.com\/index.php\/wp-json\/wp\/v2\/media\/29254"}],"wp:attachment":[{"href":"https:\/\/roomiodz.com\/index.php\/wp-json\/wp\/v2\/media?parent=29253"}],"wp:term":[{"taxonomy":"product_brand","embeddable":true,"href":"https:\/\/roomiodz.com\/index.php\/wp-json\/wp\/v2\/product_brand?post=29253"},{"taxonomy":"product_cat","embeddable":true,"href":"https:\/\/roomiodz.com\/index.php\/wp-json\/wp\/v2\/product_cat?post=29253"},{"taxonomy":"product_tag","embeddable":true,"href":"https:\/\/roomiodz.com\/index.php\/wp-json\/wp\/v2\/product_tag?post=29253"}],"curies":[{"name":"wp","href":"https:\/\/api.w.org\/{rel}","templated":true}]}}